me?
True
Suppose 2*f - 296 + 54 = 0. Suppose 0 = -4*n + 2*i + 346, -37 - f = -2*n + 4*i. Is n prime?
True
Let u be (-2)/(-6) + (-304)/(-6). Suppose u - 5 = 2*r - 2*v, 3*v = -r + 7. Is r a composite number?
False
Is (-4)/12 - 1498/(-3) prime?
True
Let x = 7 + -2. Suppose -2*s + s + 76 = -3*f, x*f + 430 = 5*s. Is s a prime number?
False
Suppose -4*j = 3*r - 13 - 1, 22 = 4*r + 2*j. Suppose 4*u + 174 = r*u. Suppose 0 = x - 0*x - u. Is x a prime number?
False
Let n(b) = -b**2 + 6*b - 3. Let k be n(4). Let y(q) = 3*q**2 - 2*q**2 + q + 2 + q. Is y(k) a prime number?
True
Let t be (-2)/4*4/(-1). Is 20/5*3/t a composite number?
True
Let w = 2909 - 1594. Is w a composite number?
True
Suppose -2*h - 65 = 3*h. Let u = 76 - h. Is u composite?
False
Suppose r - 1340 = -3*r. Is r composite?
True
Let r be 78 - (2 - (0 + 2)). Let g be r + -4 + (-2)/(-2). Suppose z = 4*z - g. Is z prime?
False
Let x(j) = -2*j - 10. Let h be x(-7). Suppose h*o - 1266 = 1082. Is o prime?
True
Let t(j) be the third derivative of j**4/8 - j**3/6 + 2*j**2. Let p be t(6). Suppose -287 + p = -5*i - 5*b, -5*b - 280 = -5*i. Is i a composite number?
True
Suppose 0 = -v + 2*v - 121. Is v composite?
True
Let m(s) = -s + 1. Let o be m(1). Suppose o = -0*p + 4*p. Suppose i = -3, -u + 3 = i - p. Is u a prime number?
False
Let i(o) = o**3 - 2*o**2 - o - 3. Let h be i(3). Suppose 2*d - 14 = g, 2*g + 78 = -g - h*d. Is -2 - (1 - 4) - g a prime number?
True
Let q = 9 - -10. Is q a prime number?
True
Let p(k) = k + 2. Let f be p(3). Suppose 3*d - 36 = -2*d + 2*m, -15 = -f*d - 5*m. Is d a prime number?
False
Let p(q) = 2*q**2 - 4*q + 5. Is p(-4) a composite number?
False
Let n(l) = -667*l + 2. Let p be n(-1). Suppose 2*j + j = p. Is j composite?
False
Suppose 4*f + 3*i = 1016, f + 494 = 3*f + 5*i. Is f a composite number?
False
Let g(o) = -o**3 - 6*o**2 - 3*o + 6. Let x be g(-5). Is 52 + x/(4/(-1)) a composite number?
False
Let k(c) = -10*c + 3 + 165*c - 6*c. Is k(2) prime?
False
Let d be 0 + -1 + (-4 - -7). Suppose d*i - 2*o = -3*o + 197, 6 = 2*o. Is i a prime number?
True
Suppose 5*y - 12 - 98 = 0. Let g = -21 + 14. Let k = y + g. Is k a composite number?
True
Suppose 0 = 2*p - 7*p + 670. Suppose p = -4*y + 370. Is y prime?
True
Let a = 10 - 4. Let o be (-27)/a*(-2)/3. Suppose 2*g - 135 = -5*s, -61 - 109 = -o*g - s. Is g prime?
False
Let w be ((-12)/15)/(1/(-5)). Let d = w - -1. Suppose -3*l = 2*b - 202, -2*b + 400 = 2*b + d*l. Is b composite?
True
Is (-61564)/(-44) - ((-8)/44)/(-1) a prime number?
True
Let m(c) = -c**3 + 14*c**2 + 5*c - 11. Is m(9) prime?
True
Suppose 3*q - 3*d - 12 = 0, 4*q + 3*d - 7 - 23 = 0. Suppose -3*o = -3 - q. Is 52 - o/(9/(-3)) a prime number?
True
Let v be (4/(-2))/((-3)/138). Suppose 5*s - v = 4*n + 517, -5*n = 5. Suppose -3*j - s = -2*g, -4*j + 15 - 3 = 0. Is g a prime number?
False
Suppose 636 = -4*j + 2*v, j - 4*j + 3*v - 480 = 0. Suppose -c = c - 494. Let h = j + c. Is h a prime number?
True
Let c(v) = 0*v**3 - 13 + 2*v**3 - 18*v + 13*v**2 + v**3 - 2*v**3. Is c(-14) composite?
False
Let h(a) = -a**3 - 7*a**2 + 10*a - 7. Is h(-9) prime?
False
Let c = 971 - 94. Is c a composite number?
False
Suppose 5*x + 35 = -0*x. Let d(l) = l**3 + 10*l**2 + 8*l + 6. Is d(x) a prime number?
True
Suppose 3*l = -l + 8. Let r(g) = -4*g + 153. Let c be r(0). Suppose -f + c = l*f. Is f prime?
False
Let u be ((-1)/(-3))/(10/3390). Suppose -3*v = -124 - u. Is v a composite number?
False
Let y be 14/2*24/28. Let v = 8 - y. Suppose 3*p + 4*q - 57 = 0, 3*p = -2*p + v*q + 121. Is p a composite number?
False
Suppose a = -1 + 2. Is 80/2 + a + -4 a composite number?
False
Let a(j) = -j - 1. Let k be a(-3). Suppose -4*l + 3*f = 20, -k*l + f - 6*f = 36. Is 57*1*l/(-24) a composite number?
False
Let y(x) = 11*x**3 + x**2 - x. Suppose 1 + 1 = 5*p + 3*d, 5*p - 9 = 4*d. Is y(p) prime?
True
Let q = 36 - 26. Let b(l) = -2*l**2 - 3*l + 2. Let n be b(3). Is 10/n + 794/q prime?
True
Let x be ((-1)/3)/((-1)/6). Suppose 0 = -x*f + 4. Is (f/(-4))/(3/(-222)) a composite number?
False
Is 2/9*3 + 300124/228 a prime number?
False
Let f be -3 + 1 + 5*39. Suppose 4*a + 115 = 3*i - 453, -i + f = -5*a. Let m = i + -109. Is m prime?
True
Let i(m) = m**2 + 4*m. Let y be i(-4). Let b(h) = -h**3 + h**2 + 3. Let z be b(y). Suppose 0*w + 41 = w - z*p, 2*p - 114 = -2*w. Is w prime?
True
Let o(h) = -h**3 - 5*h**2 - 3*h - 1. Is o(-6) composite?
False
Suppose -2*c = -6*c + p - 33, 0 = -c - 2*p + 3. Let x = 90 + c. Is x a composite number?
False
Let u = -2 - -4. Is (-1)/u - 63/(-2) a prime number?
True
Suppose 4*t - 2*a - 2726 = 0, 8*a + 3412 = 5*t + 7*a. Is t prime?
True
Suppose -5*q - 4*s - 15 = 0, -4*q + 29 = -s - 4*s. Let g be (-1)/(2/(-4))*-9. Is -1*(g + -2 + q) a composite number?
False
Suppose -3*x = -7*x - 1156. Let m = -155 - x. Suppose t - 3*t = -m. Is t prime?
True
Let x be (1 + 0 - 397)*-2. Suppose 2*p = 5*p + x. Let j = p - -487. Is j a composite number?
False
Let i be 2/(-3) - 5/(-3). Let w be 111/5 + i/(-5). Is w - (3 + -1)/2 composite?
True
Let q = -557 + 1410. Is q a composite number?
False
Let j(t) = -3*t**3 - 3*t**2 + 3*t - 4. Let x be j(-5). Let v be (x + 5 + -3)/1. Let q = 410 - v. Is q a composite number?
False
Let x be 46/4*2*2. Let y = -43 + 43. Let g = x + y. Is g prime?
False
Let x(y) = -3*y**2 - 11*y + 2 - 4 + 6 + 2*y**2. Is x(-9) a composite number?
True
Suppose 284 = -3*b - a, -2*b + 3*a - 88 = -b. Let g = b - -156. Is g a composite number?
True
Let x(l) = l**3 + 5*l**2 - 3*l + 1. Let a be x(5). Suppose 6*b = 2*b + a. Is b composite?
False
Suppose 6 = -q + 1. Let k = -7 - q. Is ((-157)/k)/(2/4) prime?
True
Let x be (-9 + 0)*(-4)/6. Is 105/2 + 3/x a composite number?
False
Let b = 33 + -16. Let f = 4 + b. Is f prime?
False
Let s(w) be the third derivative of w**5/60 + w**4/24 - w**3/3 + w**2. Let h be (14 + -12)*-2*1. Is s(h) a prime number?
False
Let i(s) = -15*s**3 - 2*s**2 + 2*s - 1. Let z be i(1). Is z/(-12) + 629/3 a prime number?
True
Let r be -1 + 4 + (1 - 1). Suppose a = -3*a - 3*j + 347, 4*j = r*a - 279. Is a composite?
False
Let c = 1685 + -1193. Suppose 2*j = 6*j - c. Suppose 3*z + 2*a = -a + j, -2*a - 177 = -5*z. Is z prime?
True
Let s(l) = -15*l**2 - 3*l + 3. Let y(p) = -180*p**2 - 35*p + 35. Let j(w) = 35*s(w) - 3*y(w). Let g be j(1). Let f = g + -2. Is f composite?
False
Let u be 87 - (0 + (-3 - -3)). Suppose u = f - 242. Is f composite?
True
Suppose 698 = 5*n + s - 1752, 0 = 3*n - 3*s - 1452. Is n a prime number?
False
Let h(i) = 37*i - 3 + 0 + 4. Let t(s) = s**3 - s**2 + 2*s + 6. Let f be t(0). Is h(f) a composite number?
False
Suppose 0 = -5*r - 2*r + 14. Suppose 5*m + 5*k = -35, 0 = -5*k - 7 + 2. Is ((-33)/m + -2)*r composite?
False
Let x be (-8)/(-36) + (-6694)/(-9). Suppose 4*y - 596 = x. Suppose 5*q - y = -0*q. Is q a prime number?
True
Suppose 5*s - 2*r - 320 = 3*s, r = -5*s + 818. Is s a composite number?
False
Is ((-44)/16)/((-1)/332) composite?
True
Suppose 0 = 7*v - 2*v - 10. Suppose -v*p = -5*p + 318. Is p a composite number?
True
Suppose -5*x - 381 = 3*t + 992, -x = 5*t + 257. Let q = x - -488. Is q prime?
True
Let d(y) = 29*y + 14. Let g be d(16). Let x = g - -663. Is x prime?
False
Let t(b) = -24*b**3 - 7*b**2 - 15*b - 3. Is t(-4) a composite number?
False
Let j = 0 + 4. Is 35 + (-1)/(-2)*j a prime number?
True
Suppose -481 = -5*c - 61. Let y = 18 + -63. Let h = c + y. Is h a prime number?
False
Suppose -5*o - i = -2*o - 7, 0 = 5*o - 3*i + 7. Is 2/o + -3 + 114 a composite number?
False
Let f(m) = -m + 3. Let t be f(6). Let u(c) = -1 - 5 + 2 - 9*c. Is u(t) a prime number?
True
Let q(u) = -30*u**2 - u - 4. Let j(o) = -61*o**2 - 2*o - 8. Let r(x) = -6*j(x) + 11*q(x). Is r(3) a prime number?
True
Let a(i) = 25*i**2 + 9*i + 7. Is a(-7) composite?
True
Let h(f) = 55*f**2 - f + 13. Is h(4) composite?
True
Let q be (0 - 16/(-6))*3. Suppose 3*a - q = 2*a. Let m(r) = -r**3 + 7*r**2 + 9*r - 1. Is m(a) a composite number?
False
Let n be ((-2)/(-6))/(3/(-9)). Let q = 12 + n. Is q composite?
False
Let t = 44 - 25. Is t a prime number?
True
Is (-2*1/(-3))/(4/8634) a prime number?
True
Suppose r - 87 = -2*r. Let q = 13 + r. Suppose a - q = -a. Is a prime?
False
Suppose 0*s - 2*s = -3*u - 835, -2*s = -u - 837. Is s a prime number?
True
Let t be (-460)/(-15) + (-4)/6. Suppose 3*v - t